{"id":4515,"date":"2020-12-15T16:54:49","date_gmt":"2020-12-15T21:54:49","guid":{"rendered":"https:\/\/mesfix.com\/blog\/?page_id=4515"},"modified":"2020-12-15T16:56:01","modified_gmt":"2020-12-15T21:56:01","slug":"factoring-epayco-mesfix","status":"publish","type":"page","link":"https:\/\/mesfix.com\/blog\/factoring-epayco-mesfix\/","title":{"rendered":"Factoring en Colombia"},"content":{"rendered":"\n<p>ePayco y Mesfix se unieron para que obtengas el <strong>pago de tus facturas antes de tiempo y tengas la liquidez que necesitas sin complicaciones<\/strong>. Te invitamos a leer este art\u00edculo para que aclarar cualquier inquietud relacionada con la herramienta del factoring o con la alianza.&nbsp;<\/p>\n\n\n\n<h5 style=\"text-align:left;color:#7B00CD;\">\u00bfQu\u00e9 es el factoring?<\/h5><p>\n\n\n\n<p>El factoring es una de las alternativas que las empresas usan para financiarse. Su nombre corresponde a que el <strong>financiamiento se genera con las propias facturas de la compa\u00f1\u00eda<\/strong>. Esta alternativa permite al negocio tener liquidez sin la necesidad de asumir alg\u00fan tipo de riesgo bancario.<\/p>\n\n\n\n<p>El proceso, de manera m\u00e1s detallada, <strong>se efect\u00faa cuando una empresa le vende las facturas a un tercero, el cuales se encargar\u00e1 de gestionar el cobro pertinente.<\/strong> En retorno, la empresa de factoring brindar\u00e1 el importe de las facturas que ha cedido, con la resta de un porcentaje de comisi\u00f3n.<\/p>\n\n\n\n<h5 style=\"text-align:left;color:#7B00CD;\">\u00bfPor qu\u00e9 nace el factoring en Colombia?<\/h5><p>\n\n\n\n<p>El factoring en Colombia nace por la necesidad de los empresarios de usar el dinero que esperan recibir y est\u00e1 reflejado en sus facturas por cobrar. Es usual que, debido a las pol\u00edticas de las grandes superficies, <strong>a las empresas les facturen a 30, 60, 90 o hasta 120 d\u00edas.<\/strong><\/p>\n\n\n\n<p>Tambi\u00e9n sucede que la facturaci\u00f3n es a 30 d\u00edas <strong>pero la empresa tiene varios d\u00edas de retraso en el pago.<\/strong> Esto afecta fuertemente a las empresas y hace que recurran a financiamientos tradicionales como cr\u00e9ditos o pr\u00e9stamos para pagos operativos.<\/p>\n\n\n\n<p>Pero es sencillo: <strong>las empresas no deber\u00edan endeudarse<\/strong> para pagar la n\u00f3mina de sus empleados, pagar impuestos o comprar materias primas. Al hacerlo, <strong>afectan su capacidad de endeudamiento y restringen su acceso<\/strong> en un futuro cuando de verdad tengan una \u2018emergencia financiera\u2019.<\/p>\n\n\n\n<p>Es por esto que en el 2008 se profiere la <a href=\"http:\/\/www.alcaldiabogota.gov.co\/sisjur\/normas\/Norma1.jsp?i=31593\">Ley 1231 de 2008,<\/a> com\u00fanmente conocida como <strong>Ley de Factoring<\/strong>. Esta unifica los criterios para que una factura se pueda considerar como un t\u00edtulo valor. Adem\u00e1s, impulsa el uso de la misma para que sirva como mecanismo de financiaci\u00f3n.<\/p>\n\n\n\n<h5 style=\"text-align:left;color:#7B00CD;\">Factoring alianza ePayco &#8211; Mesfix<\/h5><p>\n\n\n\n<p>El factoring es usualmente realizado por entidades dedicadas a la compra de cartera al descuento. Pero la tecnolog\u00eda ha propiciado la entrada de nuevos actores que son intermediarios entre la venta y la compra de facturas.&nbsp;<\/p>\n\n\n\n<p><a href=\"https:\/\/www.mesfix.com\/?utm_source=blog&amp;utm_medium=link&amp;utm_content=38_factoringColombia?s=factoring\">Mesfix<\/a> es una de las empresas que innova en la manera en la que se venden las facturas en Colombia: <strong>conecta a las empresas con personas interesadas en comprarlas.<\/strong><\/p>\n\n\n\n<p>Algunos de los beneficios que puedes encontrar al vender tus facturas con Mesfix son:<\/p>\n\n\n\n<ul><li>Se pueden vender facturas de <strong>baja denominaci\u00f3n.<\/strong><\/li><li>La operaci\u00f3n<strong> no afecta la capacidad de endeudamiento<\/strong> de la empresa.<\/li><li><strong>No exige tiempo m\u00ednimo de constituci\u00f3n<\/strong> de la empresa para operar.<\/li><li>Se puede acceder a financiaci\u00f3n en aproximadamente<strong> 72 horas.<\/strong><\/li><li>Tienes atenci\u00f3n personalizada.&nbsp;<\/li><\/ul>\n\n\n\n<h5 style=\"text-align:left;color:#7B00CD;\">\u00bfCu\u00e1les son los pasos a seguir? <\/h5><p>\n\n\n\n<p>1. Reg\u00edstrate <a href=\"https:\/\/info.mesfix.com\/ali-epayco-emisor?utm_source=blog&amp;utm_medium=organic&amp;utm_campaign=push_conv&amp;utm_term=push_conv_lead&amp;utm_content=blog_factoring_Epayco\">aqu\u00ed.<\/a><\/p>\n\n\n\n<p>2. Un ejecutivo comercial de Mesfix se pondr\u00e1 en contacto contigo para conocerte y guiarte en el proceso.&nbsp;<\/p>\n\n\n\n<p>3. Completa el registro en nuestra plataforma.&nbsp;<\/p>\n\n\n\n<p>4. Vende tus facturas.<\/p>\n\n\n\n<p>5. Obt\u00e9n liquidez desde el momento 0.<\/p>\n","protected":false},"excerpt":{"rendered":"<p>ePayco y Mesfix se unieron para que obtengas el pago de tus facturas antes de tiempo y tengas la liquidez que necesitas sin complicaciones. Te invitamos a leer este art\u00edculo para que aclarar cualquier inquietud relacionada con la herramienta del factoring o con la alianza.&nbsp; \u00bfQu\u00e9 es el factoring? El factoring es una de las &#8230;<\/p>\n","protected":false},"author":1,"featured_media":0,"parent":0,"menu_order":0,"comment_status":"closed","ping_status":"closed","template":"","meta":[],"_links":{"self":[{"href":"https:\/\/mesfix.com\/blog\/wp-json\/wp\/v2\/pages\/4515"}],"collection":[{"href":"https:\/\/mesfix.com\/blog\/wp-json\/wp\/v2\/pages"}],"about":[{"href":"https:\/\/mesfix.com\/blog\/wp-json\/wp\/v2\/types\/page"}],"author":[{"embeddable":true,"href":"https:\/\/mesfix.com\/blog\/wp-json\/wp\/v2\/users\/1"}],"replies":[{"embeddable":true,"href":"https:\/\/mesfix.com\/blog\/wp-json\/wp\/v2\/comments?post=4515"}],"version-history":[{"count":3,"href":"https:\/\/mesfix.com\/blog\/wp-json\/wp\/v2\/pages\/4515\/revisions"}],"predecessor-version":[{"id":5556,"href":"https:\/\/mesfix.com\/blog\/wp-json\/wp\/v2\/pages\/4515\/revisions\/5556"}],"wp:attachment":[{"href":"https:\/\/mesfix.com\/blog\/wp-json\/wp\/v2\/media?parent=4515"}],"curies":[{"name":"wp","href":"https:\/\/api.w.org\/{rel}","templated":true}]}}